{"id":52,"date":"2022-02-27T15:06:51","date_gmt":"2022-02-27T15:06:51","guid":{"rendered":"https:\/\/jordivilarrasa.cat\/wordpress\/?page_id=52"},"modified":"2022-02-27T15:07:54","modified_gmt":"2022-02-27T15:07:54","slug":"presentacio","status":"publish","type":"page","link":"https:\/\/jordivilarrasa.cat\/wordpress\/","title":{"rendered":"Presentaci\u00f3"},"content":{"rendered":"\n<p>Al Mas Janric de Begud\u00e0, criem porcs de ra\u00e7a&nbsp;<strong>duroc<\/strong>-landrace alimentats amb ordi, blat de moro i fav\u00f3 per tal de poder aconseguir una bona&nbsp;<strong>carn<\/strong>, tendra i amb greix infiltrat, per tal de tenir una m\u00e0xima qualitat. El punt de venta \u00e9s al&nbsp;<strong>Mercat d\u2019Olot<\/strong>, parada 19, 20, 21.<\/p>\n\n\n\n<p>Tots els nostres productes s\u00f3n de proximitat i elaborats sense gluten ni lactosa.<br><strong>Productes<\/strong><\/p>\n\n\n\n<p>Al taulell es pot trobar totes les peces de carn fresca de&nbsp;<strong>porc<\/strong>, secret, llom de 2 colors, llonzes, ossos de brasa\u2026<\/p>\n\n\n\n<p>Els&nbsp;<strong>elaborats<\/strong>&nbsp;frescos: llangonisseta, salsitxets, xistorra, hamburgueses de tot tipus, pinxos, rotllets de carn picada amb s\u00e8sam, carbassonets farcits, filets de porc farcits de poma i foie\u2026i moltes novetats!<\/p>\n\n\n\n<p>I els&nbsp;<strong>embotits<\/strong>&nbsp;curats (Fuet, llangonissa, lloms, baiones, panxetes\u2026) i embotits cuits (Botifarra d\u2019ou, negra, all i julivert, botifarra de llardons, de bolets\u2026).<br><strong>Comandes<\/strong><\/p>\n\n\n\n<p>Fes la teva comanda amb 48 hores d\u2019antel\u00b7laci\u00f3,\u00a0on-line, per tel\u00e8fon (659 12 61 42) o per email (encarrecs@jordivilarrasa.cat)<\/p>\n\n\n\n<figure class=\"wp-block-image size-large\"><img loading=\"lazy\" decoding=\"async\" width=\"1024\" height=\"757\" src=\"https:\/\/jordivilarrasa.cat\/wordpress\/wp-content\/uploads\/2022\/02\/foto-1-5-1030x761-1-1024x757.jpg\" alt=\"\" class=\"wp-image-43\" srcset=\"https:\/\/jordivilarrasa.cat\/wordpress\/wp-content\/uploads\/2022\/02\/foto-1-5-1030x761-1-1024x757.jpg 1024w, https:\/\/jordivilarrasa.cat\/wordpress\/wp-content\/uploads\/2022\/02\/foto-1-5-1030x761-1-600x443.jpg 600w, https:\/\/jordivilarrasa.cat\/wordpress\/wp-content\/uploads\/2022\/02\/foto-1-5-1030x761-1-300x222.jpg 300w, https:\/\/jordivilarrasa.cat\/wordpress\/wp-content\/uploads\/2022\/02\/foto-1-5-1030x761-1-768x567.jpg 768w, https:\/\/jordivilarrasa.cat\/wordpress\/wp-content\/uploads\/2022\/02\/foto-1-5-1030x761-1.jpg 1030w\" sizes=\"auto, (max-width: 1024px) 100vw, 1024px\" \/><\/figure>\n","protected":false},"excerpt":{"rendered":"<p>Al Mas Janric de Begud\u00e0, criem porcs de ra\u00e7a&nbsp;duroc-landrace alimentats amb ordi, blat de moro i fav\u00f3 per tal de poder aconseguir una bona&nbsp;carn, tendra i amb greix infiltrat, per tal de tenir una m\u00e0xima qualitat. El punt de venta \u00e9s al&nbsp;Mercat d\u2019Olot, parada 19, 20, 21. Tots els nostres productes s\u00f3n de proximitat i [&hellip;]<\/p>\n","protected":false},"author":1,"featured_media":0,"parent":0,"menu_order":0,"comment_status":"closed","ping_status":"closed","template":"","meta":{"footnotes":""},"class_list":["post-52","page","type-page","status-publish","hentry"],"_links":{"self":[{"href":"https:\/\/jordivilarrasa.cat\/wordpress\/index.php\/wp-json\/wp\/v2\/pages\/52","targetHints":{"allow":["GET"]}}],"collection":[{"href":"https:\/\/jordivilarrasa.cat\/wordpress\/index.php\/wp-json\/wp\/v2\/pages"}],"about":[{"href":"https:\/\/jordivilarrasa.cat\/wordpress\/index.php\/wp-json\/wp\/v2\/types\/page"}],"author":[{"embeddable":true,"href":"https:\/\/jordivilarrasa.cat\/wordpress\/index.php\/wp-json\/wp\/v2\/users\/1"}],"replies":[{"embeddable":true,"href":"https:\/\/jordivilarrasa.cat\/wordpress\/index.php\/wp-json\/wp\/v2\/comments?post=52"}],"version-history":[{"count":3,"href":"https:\/\/jordivilarrasa.cat\/wordpress\/index.php\/wp-json\/wp\/v2\/pages\/52\/revisions"}],"predecessor-version":[{"id":68,"href":"https:\/\/jordivilarrasa.cat\/wordpress\/index.php\/wp-json\/wp\/v2\/pages\/52\/revisions\/68"}],"wp:attachment":[{"href":"https:\/\/jordivilarrasa.cat\/wordpress\/index.php\/wp-json\/wp\/v2\/media?parent=52"}],"curies":[{"name":"wp","href":"https:\/\/api.w.org\/{rel}","templated":true}]}}